{"id":335,"date":"2025-11-26T11:24:50","date_gmt":"2025-11-26T10:24:50","guid":{"rendered":"https:\/\/awg-forstern.de\/wordpress\/?page_id=335"},"modified":"2026-08-31T16:23:50","modified_gmt":"2026-08-31T14:23:50","slug":"gemeinderat","status":"publish","type":"page","link":"https:\/\/awg-forstern.de\/wordpress\/gemeinderat\/","title":{"rendered":"Gemeinderat"},"content":{"rendered":"\n<div style=\"height:50px\" aria-hidden=\"true\" class=\"wp-block-spacer\"><\/div>\n\n\n<h1 class=\"wp-block-heading has-text-align-center\" style=\"font-size:44px\">Unser aktueller Gemeinderat<\/h1>\n\n\n<p class=\"has-text-align-center\" style=\"margin-bottom:50px;font-size:22px\"><strong>Amtsperiode 2026 \u2013 2032<\/strong><\/p>\n\n<p><!-- B\u00fcrgermeister --><\/p>\n\n<p class=\"has-text-align-center\" style=\"font-size:32px;font-weight:700\">\n  Erster B\u00fcrgermeister<br>\n  <strong>Rainer Streu<\/strong>\n<\/p>\n\n\n<p class=\"has-text-align-center\" style=\"margin-top:30px;font-size:28px;font-weight:700\">\n  Zweite B\u00fcrgermeisterin<br>\n  <strong>Birgit Hubner<\/strong>\n<\/p>\n\n\n<hr class=\"wp-block-separator aligncenter has-alpha-channel-opacity is-style-wide\"\/>\n\n<p><!-- Aktuelle Gemeinder\u00e4te --><\/p>\n\n<h2 class=\"wp-block-heading has-text-align-center\" style=\"margin-top:50px;margin-bottom:30px\">Gemeinder\u00e4te der AWG (2026\u20132032)<\/h2>\n\n\n<ul style=\"font-size:24px;line-height:2.2\" class=\"wp-block-list is-style-default\">\n\n<li>Franz Josef Obermaier <strong>(Fraktionssprecher)<\/strong><\/li>\n\n\n<li>Georg Els <strong>(Stellv. Fraktionssprecher)<\/strong><\/li>\n\n\n<li>Peter Feckl<\/li>\n\n\n<li>Markus Fritsch<\/li>\n\n\n<li>Willy Huber<\/li>\n\n\n<li>Tobias Streu<\/li>\n\n<\/ul>\n\n<p><!-- Historische \u00dcbersicht als Tabelle --><\/p>\n\n<h2 class=\"wp-block-heading has-text-align-center\" style=\"margin-top:80px;margin-bottom:40px\">Alle AWG-Gemeinder\u00e4te seit 1948<\/h2>\n\n\n<figure class=\"wp-block-table is-style-stripes\">\n<table class=\"has-fixed-layout\">\n<thead>\n<tr>\n<th><strong>Name<\/strong><\/th>\n<th><strong>Amtszeit<\/strong><\/th>\n<th><strong>Bemerkung<\/strong><\/th>\n<\/tr>\n<\/thead>\n<tbody>\n<tr><td>Reiser Johann<\/td><td>01.04.1948 \u2013 05.1976<\/td><td>Erster B\u00fcrgermeister (ausgeschieden)<\/td><\/tr>\n<tr><td>Eicher Josef (Wetting)<\/td><td>01.04.1952 \u2013 30.04.1978<\/td><td>ab Mai 1976: 1. B\u00fcrgermeister<\/td><\/tr>\n<tr><td>Eicher Josef (Forstern \u2013 Traktorenwerke)<\/td><td>01.05.1972 \u2013 30.04.1996<\/td><td><\/td><\/tr>\n<tr><td>Hohenbrunner Korbinian<\/td><td>01.05.1972 \u2013 30.04.1984<\/td><td><\/td><\/tr>\n<tr><td>Jaksch Franz<\/td><td>01.05.1972 \u2013 30.04.1996<\/td><td><\/td><\/tr>\n<tr><td>Pahl Emil<\/td><td>01.05.1972 \u2013 30.04.1984<\/td><td><\/td><\/tr>\n<tr><td>Bernhauser Franz<\/td><td>13.07.1977 \u2013 30.04.1978<\/td><td>Nachr\u00fccker<\/td><\/tr>\n<tr><td>Berger Herbert<\/td><td>01.05.1984 \u2013 30.04.2020<\/td><td><\/td><\/tr>\n<tr><td>Grill Anton<\/td><td>01.05.1984 \u2013 30.04.1996<\/td><td><\/td><\/tr>\n<tr><td>Regauer Leonhard<\/td><td>01.05.1984 \u2013 30.04.1990<\/td><td><\/td><\/tr>\n<tr><td>H\u00f6sl Mariele<\/td><td>01.05.1990 \u2013 30.04.1996<\/td><td><\/td><\/tr>\n<tr><td>Huber Wilhelm<\/td><td>01.05.1990 \u2013 30.04.2002<\/td><td><\/td><\/tr>\n<tr><td>Els Georg sen.<\/td><td>01.05.1996 \u2013 30.04.2020<\/td><td>Erster B\u00fcrgermeister<\/td><\/tr>\n<tr><td>Gruber Josef<\/td><td>01.05.1996 \u2013 30.04.2008<\/td><td><\/td><\/tr>\n<tr><td>Lehrer Rosa<\/td><td>01.05.1996 \u2013 30.04.2020<\/td><td><\/td><\/tr>\n<tr><td>Obermaier Franz Josef<\/td><td>01.05.1996 \u2013 30.04.2032<\/td><td>Fraktionssprecher<\/td><\/tr>\n<tr><td>Pronold Franz jun.<\/td><td>01.05.1996 \u2013 30.04.2002<\/td><td><\/td><\/tr>\n<tr><td>K\u00e4smeier Sebastian<\/td><td>01.05.2002 \u2013 30.04.2009<\/td><td>verstorben<\/td><\/tr>\n<tr><td>Reiser Max<\/td><td>01.05.2002 \u2013 30.04.2020<\/td><td><\/td><\/tr>\n<tr><td>Failer Ingrid<\/td><td>01.05.2008 \u2013 30.04.2014<\/td><td><\/td><\/tr>\n<tr><td>Feckl Peter<\/td><td>01.05.2008 \u2013 30.04.2032<\/td><td><\/td><\/tr>\n<tr><td>Streu Rainer<\/td><td>01.05.2008 \u2013 30.04.2032<\/td><td>Erster B\u00fcrgermeister seit 01.05.2020<\/td><\/tr>\n<tr><td>Wilms Helga<\/td><td>22.09.2009 \u2013 30.04.2020<\/td><td>Nachr\u00fccker f\u00fcr S. K\u00e4smeier<\/td><\/tr>\n<tr><td>Els Georg jun.<\/td><td>01.05.2020 \u2013 30.04.2032<\/td><td>Stellv. Fraktionssprecher<\/td><\/tr>\n<tr><td>Fritsch Markus<\/td><td>01.05.2020 \u2013 30.04.2032<\/td><td><\/td><\/tr>\n<tr><td>Pawelczyk Marlene<\/td><td>01.05.2020 \u2013 31.07.2020<\/td><td>Wegzug<\/td><\/tr>\n<tr><td>Neglia Florian<\/td><td>01.05.2020 \u2013 28.02.2023<\/td><td>Wegzug<\/td><\/tr>\n<tr><td>Ertl Wilhelm<\/td><td>01.09.2021 \u2013 30.04.2026<\/td><td>Nachr\u00fccker f\u00fcr M. Pawelczyk<\/td><\/tr>\n<tr><td>Dr. Mirko Doerk<\/td><td>01.03.2023 \u2013 30.04.2026<\/td><td>Nachr\u00fccker f\u00fcr F. Neglia<\/td><\/tr>\n<tr><td>Hubner Birgit<\/td><td>01.05.2026 \u2013 30.04.2032<\/td><td>Zweite B\u00fcrgermeisterin<\/td><\/tr>\n<tr><td>Huber Willy<\/td><td>01.05.2026 \u2013 30.04.2032<\/td><td><\/td><\/tr>\n<tr><td>Streu Tobias<\/td><td>01.05.2026 \u2013 30.04.2032<\/td><td><\/td><\/tr>\n<\/tbody>\n<\/table>\n<\/figure>\n","protected":false},"excerpt":{"rendered":"<p>Unser aktueller Gemeinderat Amtsperiode 2026 \u2013 2032 Erster B\u00fcrgermeister Rainer &hellip; <\/p>\n","protected":false},"author":2,"featured_media":0,"parent":0,"menu_order":0,"comment_status":"closed","ping_status":"closed","template":"","meta":{"footnotes":""},"class_list":["post-335","page","type-page","status-publish","hentry"],"_links":{"self":[{"href":"https:\/\/awg-forstern.de\/wordpress\/wp-json\/wp\/v2\/pages\/335","targetHints":{"allow":["GET"]}}],"collection":[{"href":"https:\/\/awg-forstern.de\/wordpress\/wp-json\/wp\/v2\/pages"}],"about":[{"href":"https:\/\/awg-forstern.de\/wordpress\/wp-json\/wp\/v2\/types\/page"}],"author":[{"embeddable":true,"href":"https:\/\/awg-forstern.de\/wordpress\/wp-json\/wp\/v2\/users\/2"}],"replies":[{"embeddable":true,"href":"https:\/\/awg-forstern.de\/wordpress\/wp-json\/wp\/v2\/comments?post=335"}],"version-history":[{"count":10,"href":"https:\/\/awg-forstern.de\/wordpress\/wp-json\/wp\/v2\/pages\/335\/revisions"}],"predecessor-version":[{"id":683,"href":"https:\/\/awg-forstern.de\/wordpress\/wp-json\/wp\/v2\/pages\/335\/revisions\/683"}],"wp:attachment":[{"href":"https:\/\/awg-forstern.de\/wordpress\/wp-json\/wp\/v2\/media?parent=335"}],"curies":[{"name":"wp","href":"https:\/\/api.w.org\/{rel}","templated":true}]}}

<div style="height:50px" aria-hidden="true" class="wp-block-spacer"></div>


<h1 class="wp-block-heading has-text-align-center" style="font-size:44px">Unser aktueller Gemeinderat</h1>


<p class="has-text-align-center" style="margin-bottom:50px;font-size:22px"><strong>Amtsperiode 2026 – 2032</strong></p>

<p><!-- Bürgermeister --></p>

<p class="has-text-align-center" style="font-size:32px;font-weight:700">
  Erster Bürgermeister<br>
  <strong>Rainer Streu</strong>
</p>


<p class="has-text-align-center" style="margin-top:30px;font-size:28px;font-weight:700">
  Zweite Bürgermeisterin<br>
  <strong>Birgit Hubner</strong>
</p>


<hr class="wp-block-separator aligncenter has-alpha-channel-opacity is-style-wide"/>

<p><!-- Aktuelle Gemeinderäte --></p>

<h2 class="wp-block-heading has-text-align-center" style="margin-top:50px;margin-bottom:30px">Gemeinderäte der AWG (2026–2032)</h2>


<ul style="font-size:24px;line-height:2.2" class="wp-block-list is-style-default">

<li>Franz Josef Obermaier <strong>(Fraktionssprecher)</strong></li>


<li>Georg Els <strong>(Stellv. Fraktionssprecher)</strong></li>


<li>Peter Feckl</li>


<li>Markus Fritsch</li>


<li>Willy Huber</li>


<li>Tobias Streu</li>

</ul>

<p><!-- Historische Übersicht als Tabelle --></p>

<h2 class="wp-block-heading has-text-align-center" style="margin-top:80px;margin-bottom:40px">Alle AWG-Gemeinderäte seit 1948</h2>


<figure class="wp-block-table is-style-stripes">
<table class="has-fixed-layout">
<thead>
<tr>
<th><strong>Name</strong></th>
<th><strong>Amtszeit</strong></th>
<th><strong>Bemerkung</strong></th>
</tr>
</thead>
<tbody>
<tr><td>Reiser Johann</td><td>01.04.1948 – 05.1976</td><td>Erster Bürgermeister (ausgeschieden)</td></tr>
<tr><td>Eicher Josef (Wetting)</td><td>01.04.1952 – 30.04.1978</td><td>ab Mai 1976: 1. Bürgermeister</td></tr>
<tr><td>Eicher Josef (Forstern – Traktorenwerke)</td><td>01.05.1972 – 30.04.1996</td><td></td></tr>
<tr><td>Hohenbrunner Korbinian</td><td>01.05.1972 – 30.04.1984</td><td></td></tr>
<tr><td>Jaksch Franz</td><td>01.05.1972 – 30.04.1996</td><td></td></tr>
<tr><td>Pahl Emil</td><td>01.05.1972 – 30.04.1984</td><td></td></tr>
<tr><td>Bernhauser Franz</td><td>13.07.1977 – 30.04.1978</td><td>Nachrücker</td></tr>
<tr><td>Berger Herbert</td><td>01.05.1984 – 30.04.2020</td><td></td></tr>
<tr><td>Grill Anton</td><td>01.05.1984 – 30.04.1996</td><td></td></tr>
<tr><td>Regauer Leonhard</td><td>01.05.1984 – 30.04.1990</td><td></td></tr>
<tr><td>Hösl Mariele</td><td>01.05.1990 – 30.04.1996</td><td></td></tr>
<tr><td>Huber Wilhelm</td><td>01.05.1990 – 30.04.2002</td><td></td></tr>
<tr><td>Els Georg sen.</td><td>01.05.1996 – 30.04.2020</td><td>Erster Bürgermeister</td></tr>
<tr><td>Gruber Josef</td><td>01.05.1996 – 30.04.2008</td><td></td></tr>
<tr><td>Lehrer Rosa</td><td>01.05.1996 – 30.04.2020</td><td></td></tr>
<tr><td>Obermaier Franz Josef</td><td>01.05.1996 – 30.04.2032</td><td>Fraktionssprecher</td></tr>
<tr><td>Pronold Franz jun.</td><td>01.05.1996 – 30.04.2002</td><td></td></tr>
<tr><td>Käsmeier Sebastian</td><td>01.05.2002 – 30.04.2009</td><td>verstorben</td></tr>
<tr><td>Reiser Max</td><td>01.05.2002 – 30.04.2020</td><td></td></tr>
<tr><td>Failer Ingrid</td><td>01.05.2008 – 30.04.2014</td><td></td></tr>
<tr><td>Feckl Peter</td><td>01.05.2008 – 30.04.2032</td><td></td></tr>
<tr><td>Streu Rainer</td><td>01.05.2008 – 30.04.2032</td><td>Erster Bürgermeister seit 01.05.2020</td></tr>
<tr><td>Wilms Helga</td><td>22.09.2009 – 30.04.2020</td><td>Nachrücker für S. Käsmeier</td></tr>
<tr><td>Els Georg jun.</td><td>01.05.2020 – 30.04.2032</td><td>Stellv. Fraktionssprecher</td></tr>
<tr><td>Fritsch Markus</td><td>01.05.2020 – 30.04.2032</td><td></td></tr>
<tr><td>Pawelczyk Marlene</td><td>01.05.2020 – 31.07.2020</td><td>Wegzug</td></tr>
<tr><td>Neglia Florian</td><td>01.05.2020 – 28.02.2023</td><td>Wegzug</td></tr>
<tr><td>Ertl Wilhelm</td><td>01.09.2021 – 30.04.2026</td><td>Nachrücker für M. Pawelczyk</td></tr>
<tr><td>Dr. Mirko Doerk</td><td>01.03.2023 – 30.04.2026</td><td>Nachrücker für F. Neglia</td></tr>
<tr><td>Hubner Birgit</td><td>01.05.2026 – 30.04.2032</td><td>Zweite Bürgermeisterin</td></tr>
<tr><td>Huber Willy</td><td>01.05.2026 – 30.04.2032</td><td></td></tr>
<tr><td>Streu Tobias</td><td>01.05.2026 – 30.04.2032</td><td></td></tr>
</tbody>
</table>
</figure>

<p>Unser aktueller Gemeinderat Amtsperiode 2026 – 2032 Erster Bürgermeister Rainer &hellip; </p>
