{"id":42,"date":"2020-01-10T14:02:35","date_gmt":"2020-01-10T14:02:35","guid":{"rendered":"http:\/\/www.awg-forstern.de\/wordpress\/?page_id=42"},"modified":"2026-08-31T16:25:39","modified_gmt":"2026-08-31T14:25:39","slug":"startseite","status":"publish","type":"page","link":"https:\/\/awg-forstern.de\/wordpress\/startseite\/","title":{"rendered":"\u00dcber uns"},"content":{"rendered":"\n<div style=\"height:50px\" aria-hidden=\"true\" class=\"wp-block-spacer\"><\/div>\n\n\n\n<p class=\"has-text-align-center\" style=\"margin-bottom:60px;font-size:26px\"><strong>Unabh\u00e4ngig. B\u00fcrgernah. F\u00fcr Forstern.<\/strong><\/p>\n\n\n\n<p>Die Alte W\u00e4hlergemeinschaft Forstern (AWG) ist seit mehr als 75 Jahren ein fester Bestandteil der Kommunalpolitik in unserer Gemeinde. Als parteiunabh\u00e4ngige W\u00e4hlergemeinschaft vertreten wir keine \u00fcbergeordneten politischen Interessen, sondern ausschlie\u00dflich die Anliegen der B\u00fcrgerinnen und B\u00fcrger vor Ort.<\/p>\n\n\n\n<h2 class=\"wp-block-heading\" style=\"margin-top:60px;margin-bottom:25px\">Unsere Werte<\/h2>\n\n\n\n<p>Die N\u00e4he zu den Menschen, die Verbundenheit mit unserer Heimat und ein offener Dialog mit den B\u00fcrgerinnen und B\u00fcrgern pr\u00e4gen unser Handeln seit jeher.<\/p>\n\n\n\n<p>Wir setzen uns f\u00fcr eine nachhaltige Entwicklung unserer Gemeinde ein, bewahren Bew\u00e4hrtes und gestalten gleichzeitig die Zukunft mit Augenma\u00df. Dabei suchen wir stets den ausgewogenen Ausgleich zwischen den W\u00fcnschen der B\u00fcrgerinnen und B\u00fcrger, den rechtlichen Rahmenbedingungen und den langfristigen Interessen Forsterns.<\/p>\n\n\n\n<p class=\"has-text-align-center\" style=\"margin-top:40px;margin-bottom:10px;font-size:22px\"><strong>Das AWG-Leitmotiv seit \u00fcber 75 Jahren:<\/strong><\/p>\n\n\n\n<p class=\"has-text-align-center\" style=\"margin-bottom:30px;font-size:30px;font-weight:700\"><strong>ERBE BEWAHREN \u2013 ZUKUNFT GESTALTEN<\/strong><\/p>\n\n\n\n<p>Diesem Anspruch f\u00fchlen wir uns auch k\u00fcnftig verpflichtet. Deshalb wollen wir weiterhin menschlich denken und nachhaltig handeln \u2013 f\u00fcr ein lebenswertes und zukunftsf\u00e4higes Forstern.<\/p>\n\n\n\n<h2 class=\"wp-block-heading\" style=\"margin-top:70px;margin-bottom:25px\">Verantwortung f\u00fcr Forstern \u2013 seit 1948<\/h2>\n\n\n\n<p>Die genaue Geburtsstunde der AWG l\u00e4sst sich heute nicht mehr eindeutig bestimmen \u2013 ein Gr\u00fcndungsprotokoll existiert nicht. Sicher ist jedoch: Bereits bei den ersten freien Kommunalwahlen nach dem Zweiten Weltkrieg im Jahr 1948 schlossen sich engagierte Forsterner B\u00fcrgerinnen und B\u00fcrger zu einer unabh\u00e4ngigen Wahlliste zusammen. Damals gab es in Forstern noch keine anderen politischen Gruppierungen.<\/p>\n\n\n\n<p>Seit April 1948 pr\u00e4gen die \u00fcber die AWG gew\u00e4hlten Vertreterinnen und Vertreter die Entwicklung unserer Gemeinde entscheidend mit. Dabei stand stets das Wohl Forsterns und seiner Menschen im Mittelpunkt.<\/p>\n\n\n\n<p><strong>Aus den Reihen der AWG wurden bisher durchgehend die Ersten B\u00fcrgermeister gestellt:<\/strong><\/p>\n\n\n\n<ul style=\"font-size:20px;line-height:1.8\" class=\"wp-block-list\">\n<li>Hans Reiser (1948\u20131976)<\/li>\n\n\n\n<li>Josef Eicher (1976\u20131996)<\/li>\n\n\n\n<li>Georg Els (1996\u20132020)<\/li>\n\n\n\n<li>Rainer Streu (seit 2020)<\/li>\n<\/ul>\n\n\n\n<p>Bis heute ist die AWG weder Partei noch eingetragener Verein. Wir verstehen uns als Zusammenschluss von Menschen, die Verantwortung f\u00fcr ihre Heimatgemeinde \u00fcbernehmen und die Entwicklung Forsterns aktiv mitgestalten m\u00f6chten \u2013 unabh\u00e4ngig von Parteib\u00fcchern und ideologischen Vorgaben.<\/p>\n\n\n\n<h2 class=\"wp-block-heading\" style=\"margin-top:70px;margin-bottom:25px\">Stark im Gemeinderat<\/h2>\n\n\n\n<p>Bei der Kommunalwahl am 8. M\u00e4rz 2026 haben die B\u00fcrgerinnen und B\u00fcrger der AWG erneut ihr Vertrauen ausgesprochen. Seitdem stellt die AWG neben dem Ersten B\u00fcrgermeister Rainer Streu die Zweite B\u00fcrgermeisterin sowie sechs weitere Gemeinder\u00e4te und ist damit weiterhin eine starke Kraft im Gemeinderat.<\/p>\n\n\n\n<p>Dieses Vertrauen verstehen wir als Auftrag, die Zukunft unserer Gemeinde aktiv, verantwortungsvoll und mit Weitblick zu gestalten.<\/p>\n","protected":false},"excerpt":{"rendered":"<p>Unabh\u00e4ngig. B\u00fcrgernah. F\u00fcr Forstern. Die Alte W\u00e4hlergemeinschaft Forstern (AWG) ist &hellip; <\/p>\n","protected":false},"author":4,"featured_media":407,"parent":0,"menu_order":0,"comment_status":"closed","ping_status":"closed","template":"","meta":{"footnotes":""},"class_list":["post-42","page","type-page","status-publish","has-post-thumbnail","hentry"],"_links":{"self":[{"href":"https:\/\/awg-forstern.de\/wordpress\/wp-json\/wp\/v2\/pages\/42","targetHints":{"allow":["GET"]}}],"collection":[{"href":"https:\/\/awg-forstern.de\/wordpress\/wp-json\/wp\/v2\/pages"}],"about":[{"href":"https:\/\/awg-forstern.de\/wordpress\/wp-json\/wp\/v2\/types\/page"}],"author":[{"embeddable":true,"href":"https:\/\/awg-forstern.de\/wordpress\/wp-json\/wp\/v2\/users\/4"}],"replies":[{"embeddable":true,"href":"https:\/\/awg-forstern.de\/wordpress\/wp-json\/wp\/v2\/comments?post=42"}],"version-history":[{"count":8,"href":"https:\/\/awg-forstern.de\/wordpress\/wp-json\/wp\/v2\/pages\/42\/revisions"}],"predecessor-version":[{"id":684,"href":"https:\/\/awg-forstern.de\/wordpress\/wp-json\/wp\/v2\/pages\/42\/revisions\/684"}],"wp:featuredmedia":[{"embeddable":true,"href":"https:\/\/awg-forstern.de\/wordpress\/wp-json\/wp\/v2\/media\/407"}],"wp:attachment":[{"href":"https:\/\/awg-forstern.de\/wordpress\/wp-json\/wp\/v2\/media?parent=42"}],"curies":[{"name":"wp","href":"https:\/\/api.w.org\/{rel}","templated":true}]}}

Über uns

<div style="height:50px" aria-hidden="true" class="wp-block-spacer"></div>



<p class="has-text-align-center" style="margin-bottom:60px;font-size:26px"><strong>Unabhängig. Bürgernah. Für Forstern.</strong></p>



<p>Die Alte Wählergemeinschaft Forstern (AWG) ist seit mehr als 75 Jahren ein fester Bestandteil der Kommunalpolitik in unserer Gemeinde. Als parteiunabhängige Wählergemeinschaft vertreten wir keine übergeordneten politischen Interessen, sondern ausschließlich die Anliegen der Bürgerinnen und Bürger vor Ort.</p>



<h2 class="wp-block-heading" style="margin-top:60px;margin-bottom:25px">Unsere Werte</h2>



<p>Die Nähe zu den Menschen, die Verbundenheit mit unserer Heimat und ein offener Dialog mit den Bürgerinnen und Bürgern prägen unser Handeln seit jeher.</p>



<p>Wir setzen uns für eine nachhaltige Entwicklung unserer Gemeinde ein, bewahren Bewährtes und gestalten gleichzeitig die Zukunft mit Augenmaß. Dabei suchen wir stets den ausgewogenen Ausgleich zwischen den Wünschen der Bürgerinnen und Bürger, den rechtlichen Rahmenbedingungen und den langfristigen Interessen Forsterns.</p>



<p class="has-text-align-center" style="margin-top:40px;margin-bottom:10px;font-size:22px"><strong>Das AWG-Leitmotiv seit über 75 Jahren:</strong></p>



<p class="has-text-align-center" style="margin-bottom:30px;font-size:30px;font-weight:700"><strong>ERBE BEWAHREN – ZUKUNFT GESTALTEN</strong></p>



<p>Diesem Anspruch fühlen wir uns auch künftig verpflichtet. Deshalb wollen wir weiterhin menschlich denken und nachhaltig handeln – für ein lebenswertes und zukunftsfähiges Forstern.</p>



<h2 class="wp-block-heading" style="margin-top:70px;margin-bottom:25px">Verantwortung für Forstern – seit 1948</h2>



<p>Die genaue Geburtsstunde der AWG lässt sich heute nicht mehr eindeutig bestimmen – ein Gründungsprotokoll existiert nicht. Sicher ist jedoch: Bereits bei den ersten freien Kommunalwahlen nach dem Zweiten Weltkrieg im Jahr 1948 schlossen sich engagierte Forsterner Bürgerinnen und Bürger zu einer unabhängigen Wahlliste zusammen. Damals gab es in Forstern noch keine anderen politischen Gruppierungen.</p>



<p>Seit April 1948 prägen die über die AWG gewählten Vertreterinnen und Vertreter die Entwicklung unserer Gemeinde entscheidend mit. Dabei stand stets das Wohl Forsterns und seiner Menschen im Mittelpunkt.</p>



<p><strong>Aus den Reihen der AWG wurden bisher durchgehend die Ersten Bürgermeister gestellt:</strong></p>



<ul style="font-size:20px;line-height:1.8" class="wp-block-list">
<li>Hans Reiser (1948–1976)</li>



<li>Josef Eicher (1976–1996)</li>



<li>Georg Els (1996–2020)</li>



<li>Rainer Streu (seit 2020)</li>
</ul>



<p>Bis heute ist die AWG weder Partei noch eingetragener Verein. Wir verstehen uns als Zusammenschluss von Menschen, die Verantwortung für ihre Heimatgemeinde übernehmen und die Entwicklung Forsterns aktiv mitgestalten möchten – unabhängig von Parteibüchern und ideologischen Vorgaben.</p>



<h2 class="wp-block-heading" style="margin-top:70px;margin-bottom:25px">Stark im Gemeinderat</h2>



<p>Bei der Kommunalwahl am 8. März 2026 haben die Bürgerinnen und Bürger der AWG erneut ihr Vertrauen ausgesprochen. Seitdem stellt die AWG neben dem Ersten Bürgermeister Rainer Streu die Zweite Bürgermeisterin sowie sechs weitere Gemeinderäte und ist damit weiterhin eine starke Kraft im Gemeinderat.</p>



<p>Dieses Vertrauen verstehen wir als Auftrag, die Zukunft unserer Gemeinde aktiv, verantwortungsvoll und mit Weitblick zu gestalten.</p>

<p>Unabhängig. Bürgernah. Für Forstern. Die Alte Wählergemeinschaft Forstern (AWG) ist &hellip; </p>
